
Calculate the highest common factor of 1118515 and 425.
85
What is the greatest common divisor of 5226 and 26286?
78
What is the greatest common divisor of 117 and 361218?
39
Calculate the highest common factor of 6729730 and 140.
70
What is the highest common factor of 6135082 and 3076?
1538
Calculate the highest common factor of 1642 and 26.
2
Calculate the highest common divisor of 239096 and 950.
38
What is the highest common divisor of 27 and 371439?
27
Calculate the highest common divisor of 46650 and 420.
30
What is the greatest common factor of 2048 and 1?
1
What is the highest common divisor of 292640 and 2976?
992
What is the highest common factor of 59 and 120301?
59
Calculate the greatest common factor of 2933 and 200282.
419
Calculate the highest common factor of 441 and 1557.
9
What is the greatest common divisor of 57848 and 98?
14
What is the highest common divisor of 248 and 868?
124
Calculate the greatest common divisor of 110 and 196922.
22
What is the highest common factor of 332754 and 186?
186
What is the greatest common divisor of 20508 and 648?
12
Calculate the highest common divisor of 5373 and 1323.
27
Calculate the greatest common factor of 18677 and 76.
19
What is the greatest common divisor of 192 and 1875?
3
Calculate the greatest common factor of 2030611 and 734.
367
Calculate the greatest common factor of 28 and 151564.
28
What is the highest common factor of 18 and 389262?
6
What is the highest common factor of 1564 and 828?
92
What is the greatest common divisor of 2188790 and 50?
10
Calculate the highest common divisor of 26480 and 6160.
80
What is the highest common factor of 92 and 2128?
4
What is the highest common factor of 59099 and 904?
113
Calculate the greatest common factor of 9790 and 640.
10
Calculate the highest common factor of 2288 and 282776.
104
What is the greatest common divisor of 44 and 19085?
11
Calculate the greatest common divisor of 69 and 186691.
23
Calculate the highest common factor of 287423 and 100671.
1459
Calculate the greatest common divisor of 2198 and 168.
14
What is the highest common factor of 151664 and 80?
16
What is the greatest common factor of 484 and 15367?
121
What is the highest common factor of 108 and 145746?
54
Calculate the greatest common factor of 989 and 3887.
23
Calculate the greatest common factor of 401 and 15903259.
401
Calculate the highest common divisor of 14385 and 1785.
105
Calculate the highest common factor of 1796150 and 150.
50
What is the highest common factor of 236188 and 8494?
274
What is the highest common factor of 578560 and 1130?
1130
Calculate the greatest common factor of 3402 and 602.
14
What is the highest common factor of 5088 and 2927296?
1696
Calculate the greatest common divisor of 2644207 and 93.
31
What is the greatest common factor of 983598 and 14?
14
What is the highest common divisor of 2952 and 101448?
72
Calculate the greatest common divisor of 834 and 14928.
6
Calculate the highest common divisor of 139920 and 1584.
528
What is the greatest common divisor of 9 and 21347?
1
Calculate the highest common factor of 54416 and 1969.
179
Calculate the highest common factor of 44 and 82516.
4
Calculate the highest common divisor of 43674 and 2610.
174
Calculate the highest common divisor of 237789 and 27.
27
Calculate the greatest common divisor of 312595 and 14140.
505
Calculate the highest common factor of 109 and 902084.
109
What is the greatest common factor of 560510 and 920?
230
Calculate the highest common factor of 24101 and 308.
77
What is the greatest common divisor of 12410 and 51?
17
What is the highest common divisor of 600 and 35325?
75
Calculate the highest common divisor of 13946 and 608.
38
Calculate the highest common factor of 768304 and 434.
62
Calculate the highest common divisor of 635 and 33401.
127
Calculate the highest common factor of 52 and 56564.
4
Calculate the highest common divisor of 28 and 145649.
7
Calculate the highest common factor of 1664 and 1452048.
208
Calculate the greatest common factor of 465 and 226920.
465
Calculate the greatest common divisor of 100 and 17100.
100
What is the highest common divisor of 1846 and 11128?
26
What is the greatest common divisor of 139620 and 80?
20
Calculate the highest common factor of 11 and 1662683.
11
Calculate the greatest common factor of 7191 and 18513.
153
Calculate the highest common factor of 513 and 6183.
27
What is the greatest common factor of 260 and 86740?
20
What is the highest common factor of 5533 and 11?
11
Calculate the greatest common divisor of 6519 and 954.
159
Calculate the greatest common factor of 48 and 72304.
16
Calculate the highest common factor of 11751 and 57.
3
Calculate the highest common divisor of 37920 and 197895.
1185
Calculate the greatest common factor of 184158 and 19675.
787
Calculate the highest common factor of 1836 and 25524.
36
What is the greatest common divisor of 406 and 97730?
58
Calculate the greatest common divisor of 5010 and 210.
30
What is the greatest common factor of 1405627 and 86?
43
What is the highest common factor of 1179 and 369?
9
What is the greatest common divisor of 69645 and 45?
15
What is the greatest common divisor of 408 and 2397?
51
Calculate the greatest common factor of 504 and 65646.
126
What is the highest common factor of 161276 and 23?
23
Calculate the greatest common factor of 17 and 167705.
17
Calculate the greatest common divisor of 5015 and 23460.
85
What is the highest common divisor of 26970 and 4650?
930
What is the highest common factor of 1735 and 816144?
347
Calculate the highest common divisor of 13 and 523133.
13
Calculate the greatest common divisor of 6320 and 871370.
790
What is the greatest common divisor of 384 and 61104?
48
Calculate the greatest common factor of 444852 and 24.
12
What is the highest common divisor of 1659 and 42?
21
What is the highest common factor of 3080 and 82040?
280
What is the greatest common divisor of 14911305 and 15?
15
What is the highest common divisor of 68 and 2190178?
34
What is the highest common divisor of 119 and 242123?
7
Calculate the greatest common factor of 7850 and 4850.
50
What is the greatest common divisor of 1665045 and 90?
45
Calculate the highest common factor of 280 and 3934280.
280
What is the highest common divisor of 548 and 522244?
548
Calculate the greatest common factor of 93 and 196013.
31
Calculate the highest common factor of 88630 and 890.
10
What is the greatest common factor of 20064 and 1188?
132
What is the greatest common factor of 28432 and 16?
16
Calculate the greatest common divisor of 720 and 19920.
240
What is the greatest common factor of 4 and 59652?
4
What is the greatest common factor of 952 and 2240?
56
Calculate the greatest common factor of 210 and 241899.
21
What is the greatest common divisor of 203 and 454517?
203
Calculate the highest common factor of 8855 and 10945.
55
Calculate the greatest common divisor of 18924 and 8702.
38
What is the highest common divisor of 413427 and 147?
21
What is the highest common factor of 899 and 3131?
31
What is the greatest common divisor of 1586 and 3313947?
793
What is the greatest common factor of 1030573 and 29?
29
Calculate the greatest common divisor of 219551 and 482.
241
Calculate the highest common divisor of 30 and 765255.
15
What is the greatest common factor of 330035 and 15?
5
Calculate the greatest common divisor of 91 and 28067.
13
What is the greatest common factor of 19975 and 608039?
799
What is the highest common factor of 126 and 29302?
14
What is the greatest common divisor of 1578834 and 9?
9
What is the greatest common divisor of 150 and 62508?
6
Calculate the greatest common factor of 1266543 and 3.
3
What is the greatest common divisor of 199598 and 28?
14
What is the greatest common divisor of 39184 and 4?
4
What is the greatest common factor of 296926 and 77?
7
Calculate the highest common divisor of 5 and 955.
5
What is the highest common divisor of 6512 and 528?
176
Calculate the greatest common factor of 294079 and 47.
47
Calculate the greatest common factor of 712 and 25276.
356
Calculate the greatest common divisor of 3062 and 2742021.
1531
What is the greatest common divisor of 52 and 533?
13
Calculate the highe